 (3/p)/(3/(-16)). What is the greatest common divisor of n and 10?
2
Suppose -8 + 10 = -2*j. Let w be j + (-3)/((-6)/326). Suppose 0 = -5*c + c + 3*x + 63, -5*c = 2*x - 96. What is the highest common factor of w and c?
18
Let z be ((-42)/(-8))/(((-299)/(-676))/23). Let n = z - 221. Calculate the highest common divisor of n and 13.
13
Let q(b) = -b + 6. Let t be q(3). Let z be t/18 - (-1707)/18. Suppose 14*c - 38 = 12*c. Calculate the greatest common divisor of c and z.
19
Suppose 3*p - 7*p + 24 = 0. Suppose -156*j + 152*j = -8. Suppose 2*b + 6 = j*m, 15 = 5*m - b + 5*b. Calculate the highest common divisor of p and m.
3
Suppose -5*t + 266 = 2*g, 4*g + 0*t - 576 = t. Let c = -61 + g. Let r be (-2)/8 + (1 - c/(-8)). What is the highest common divisor of r and 44?
11
Suppose -4*u = -2*q - 72, 5*u - q = u + 76. Suppose -4 = z, -2*r - u*z + 1064 = -25*z. What is the greatest common divisor of r and 9?
9
Suppose -16*h + 344 = 56. Let g(u) = u + 18. Let y = 22 - 22. Let x be g(y). Calculate the highest common factor of h and x.
18
Suppose f + 13 = 4*b, -18 + 6 = -f - b. Suppose 3*r = 2*r + v + 112, -5*r = 4*v - 578. Let i = 170 - r. What is the highest common factor of i and f?
7
Let r be (171/(-76))/(3/12). Let i be (54/30)/r + 121/5. What is the highest common divisor of 60 and i?
12
Let n be (726/55 - 10)/((6/(-130))/(-3)). What is the highest common factor of n and 5616?
208
Suppose -3*t = -646 + 118. Let n(u) be the first derivative of u**2 + 50*u - 4. Let r be n(-14). What is the greatest common divisor of t and r?
22
Let p = 114 - 54. Let k = -40 - -26. Let d = 26 + k. What is the highest common factor of p and d?
12
Let b(m) = -4*m**2 + 251*m + 331. Let s be b(64). Calculate the highest common factor of s and 3223.
11
Suppose -70*m + 28*m + 2226 = 0. Let f = 91 + 15. Calculate the greatest common factor of m and f.
53
Let s(d) = -8*d**2 + 8*d + 25. Let c(t) = -7*t**2 + 8*t + 24. Let f(b) = -7*c(b) + 6*s(b). Let h be f(10). What is the greatest common divisor of h and 33?
1
Suppose 0 = -5*j + 38*v - 34*v + 747, -j + 5*v + 162 = 0. What is the highest common factor of j and 3675?
147
Suppose 63*j - 1992 = -103*j. Let y be 577/6 - (-15)/(-90). What is the highest common divisor of y and j?
12
Let y(f) = -7*f - 389. Let m be y(-56). Calculate the highest common divisor of 175 and m.
1
Let t(j) = -6*j**2 - 29*j + 8. Let d be t(-4). What is the highest common factor of d and 3892?
28
Suppose -4*b - 13750 = -3*p, -9*p + 4*b - 22906 = -14*p. Calculate the greatest common divisor of 237 and p.
79
Let m = 6613 + 2325. What is the greatest common divisor of 872 and m?
218
Let r be (6/7)/(-9 - 79390/(-8820)). Calculate the greatest common factor of r and 35.
7
Let v be (-11)/(22/(-4)) - (4 + -128). Suppose -10*q + 9*q + v = 0. Calculate the greatest common factor of 14 and q.
14
Let h = -5192 + 7698. What is the highest common divisor of h and 70?
14
Let z = -8018 + 8208. What is the highest common factor of z and 1026?
38
Suppose 3*v - 6 = -0. Suppose -2*s = 2*i + v*i - 6, -2*i - 2 = 2*s. Let j = -77 + 87. What is the greatest common factor of j and i?
2
Let f(w) = -w + 22. Suppose -53 = j - 48. Let h be f(j). Calculate the greatest common factor of 18 and h.
9
Suppose -2*x + 5*d - 235 = 0, -2*d = 2*x - 126 + 326. Let h = 16 + -25. Let m = h - x. Calculate the highest common divisor of 32 and m.
32
Suppose 0 = -2*b + 154 - 146. Suppose q - 4*t = -187 + 567, 0 = 3*q - 5*t - 1105. Suppose 6*n - q = -b*n. What is the greatest common divisor of 9 and n?
9
Suppose -7*r = -24 - 4. Let j be (-2985)/(-25) + r/(-10). Let l = 129 - j. Calculate the highest common divisor of 150 and l.
10
Let n = -11689 + 11738. Let d be (-6 - -3) + 19*2. What is the highest common factor of d and n?
7
Let r(i) = -18*i - 5. Let y be r(-13). Let g = -205 + y. What is the highest common divisor of 8 and g?
8
Let n(w) = w**3 + 52*w**2 + 121*w - 1. Let d be n(-3). What is the highest common factor of 1337 and d?
7
Let y(j) = 2*j**3 - 14*j**2 - 6*j - 100. Let n be y(14). Calculate the greatest common factor of n and 10.
10
Suppose 2*m - 4*j = 156, -135*m + 360 = -130*m - 4*j. What is the greatest common divisor of m and 1122?
34
Let i be 0/1*(4 - 5). Suppose -5*s + 2520 + 1755 = i. Suppose 6*j = j + s. Calculate the greatest common factor of 19 and j.
19
Let t be 84 + 25 + -12 + -7. Calculate the highest common factor of 576 and t.
18
Let d be 5/(-1*2/(-92)). Calculate the highest common divisor of d and 322.
46
Let i = -2938 - -3118. What is the highest common factor of i and 1740?
60
Let v(y) = 79*y - 3157. Let n be v(40). Calculate the greatest common divisor of 4026 and n.
3
Let z(i) = 5*i - 10*i - 9 + 4*i. Let o be z(23). Let x be -4 - 0/(-1) - o. Calculate the highest common factor of x and 140.
28
Let h(v) = -9*v**2 + 2*v + 13*v**2 + 6 - 5*v**2. Let r be h(3). Suppose -c + 16 = r*c. Calculate the greatest common factor of c and 44.
4
Suppose -122*l + 118*l = -i - 118, -4*l = -2*i - 116. Calculate the highest common factor of 52 and l.
2
Let s = 1144 - -116. Suppose 12 = 3*t, 5*y - s - 1024 = 4*t. What is the highest common divisor of y and 20?
20
Suppose 3*j = 5*c - 546, -j = -88*c + 89*c - 106. Let x be (-4)/6 - 83/(-3). Calculate the highest common divisor of x and c.
27
Suppose 110*u - 8460 = 16*u. Calculate the highest common divisor of u and 8415.
45
Suppose -305536 = -195*j - 29*j. Calculate the highest common divisor of 372 and j.
124
Let o = 7111 - 6995. Calculate the highest common factor of o and 4292.
116
Suppose 2*u = 7*u - 64*u + 9204. What is the greatest common factor of u and 1508?
52
Suppose 18 - 46 = -14*m. Suppose -323 = -m*y + 249. What is the greatest common factor of y and 22?
22
Let t = -393 - -633. Let r = t + -212. Calculate the greatest common factor of r and 168.
28
Let k(h) = -7*h + 5. Let d be k(-2). Suppose -25 = -24*m + d*m. Suppose x - 2*l - 13 - 9 = 0, 6 = -x - m*l. What is the greatest common divisor of x and 98?
14
Let n be 45276/(-112) + (-1)/(-4). Let r = 708 + n. Calculate the highest common divisor of 19 and r.
19
Suppose -25*y = -14*y - 10692. What is the greatest common factor of y and 12?
12
Let g(t) = -t - 21. Let z be g(-18). Let y be (-2 - (-1 + z)) + 9. Let l be (-12*2/(-20))/((-6)/(-440)). Calculate the highest common factor of l and y.
11
Let j be (-20)/(-4)*585/(-75)*16/(-6). What is the highest common divisor of 1300 and j?
52
Let w = -902 - -2216. What is the highest common divisor of w and 30?
6
Let a(z) = -34*z - 2. Let g be 48/12 - (-41 + 0). Let y = g + -46. Let b be a(y). Calculate the greatest common divisor of b and 224.
32
Let b(j) = -4*j**3 + j**2 - 8*j - 3. Let f be b(-3). Let k = 926 - 880. What is the greatest common factor of f and k?
46
Let z(p) = p**2 - 31*p - 169. Let n be z(-5). Let f be (0 - 88/20)/(1/(-20)). What is the highest common factor of f and n?
11
Let b be 9/21 - (-21)/(-49). Suppose b*j + m = 3*j - 358, m + 1 = 0. Calculate the highest common divisor of 34 and j.
17
Let n be 8 + ((4 - -4)*1 - -2). What is the highest common factor of 3954 and n?
6
Let x(h) = -h**2 + 8*h + 4. Let b be x(8). Suppose -2*g + b*s = -74, 2*s = -5*g - 0*s + 137. Let j = -629 - -948. What is the highest common divisor of g and j?
29
Let c(z) = z**3 + 149*z**2 + 336*z + 41. Let b be c(-146). What is the highest common factor of 218 and b?
109
Let c = -5879 - -7715. Calculate the highest common factor of c and 324.
108
Suppose 0 = 71*a + 1479 - 29595. What is the greatest common divisor of a and 616?
44
Let i be (18/24)/(-5 - (-5169)/1032). Calculate the highest common factor of 1591 and i.
43
Suppose 5*j + 20 = 0, 2*j = -4*m - 870 + 3886. Let y = -3521 - -3549. Calculate the greatest common factor of y and m.
28
Suppose -2*b - 82*m + 121 = -87*m, -115 = -2*b - m. Let f be (-203)/((-3 - 0)/3). What is the highest common factor of b and f?
29
Let w be ((-510)/35)/(1/7). Let n be (-17)/(w/36) - -30. What is the highest common factor of n and 684?
36
Let f be (-216)/(0 - 12) + 4 + 0. Let y(c) = 23*c**2 - c + 35. Let m be y(-4). Calculate the greatest common divisor of m and f.
11
Let c be 510*1*12/12. Suppose -4*z = -3*w + c, 4 + 676 = 4*w + 2*z. Calculate the greatest common factor of 238 and w.
34
Let g(m) = m**3 + 2*m**2 